9*-7. What is the greatest common factor of 9 and a?
9
Let p(s) = s**3 - 11*s**2 + 9*s + 5. Let y be p(10). Let t be y/(5/(-2)) - 104/(-2). Calculate the greatest common divisor of 36 and t.
18
Suppose x - 10*x = -288. Suppose 5*n - 63 = x. What is the highest common divisor of 114 and n?
19
Suppose -11 = -4*b + 5. Let t be b/(-10) + 14/35. Suppose 5*k + 0*k + 23 = 2*h, t = 2*k + 2. What is the highest common divisor of h and 45?
9
Suppose 0 = -2*m + 3 + 3. Suppose 20 - 140 = -m*t. Calculate the greatest common factor of 60 and t.
20
Suppose 18*a - 1784 = 2446. What is the highest common factor of a and 15?
5
Let j = 285 + -265. What is the greatest common divisor of j and 80?
20
Let k = 1678 + 806. Calculate the highest common divisor of k and 27.
27
Suppose 12 + 0 = 4*u. Suppose 5*g = -2*p + 45, g - u*g = -6. Let d be ((-15)/(-2))/(4/40). Calculate the greatest common factor of d and p.
15
Suppose -6*o - 181 = -505. What is the highest common factor of 54 and o?
54
Suppose -78 = -5*q - 13. Let o(i) = i**3 + 17*i**2 - 16*i - 233. Let y be o(-17). What is the greatest common divisor of y and q?
13
Let q(f) = -f**3 + 11*f**2 + 51*f + 7. Let l be q(14). What is the highest common factor of 741 and l?
19
Let j be (-1)/(-10) + ((-7434)/(-60))/21. Calculate the greatest common divisor of 126 and j.
6
Suppose 0 = -2*x + 3*x - 99. Let k = x - 9. What is the highest common divisor of k and 18?
18
Suppose 0 = -19*q + 73*q - 864. Calculate the highest common divisor of q and 22.
2
Suppose 2 = -y, 172 = 3*i - 3*y + y. Let x = i - 38. What is the greatest common factor of 144 and x?
18
Let j = -323 - -733. What is the highest common divisor of j and 82?
82
Let m = -3 + 8. Let z(h) = -13 - 6*h + m - 4. Let b be z(-8). Calculate the greatest common factor of 12 and b.
12
Let w = -621 - -676. Calculate the greatest common divisor of w and 20.
5
Let l = 24 + -50. Let f = l - -40. Let g be 232/f + 6/14. What is the greatest common divisor of g and 68?
17
Let f = -16 - -46. Suppose -114 = -w - f. Calculate the greatest common divisor of w and 36.
12
Let c(m) = 0 + 3 + m**2 - 4. Let d be c(2). Let s be 376/d + (-6)/(-9). Calculate the greatest common divisor of s and 14.
14
Suppose -2*i - 121 = -459. Let q be (-13)/(-39) - 38/(-3). What is the greatest common factor of q and i?
13
Let k = 3 + 0. Suppose -k*i + 42 = -i. Let g be i + (0/3)/4. Calculate the greatest common divisor of 42 and g.
21
Suppose -f - 2*o = -20, 2*f - 68 = -2*f - 4*o. Let x be -6 - -1 - -29 - 2*-2. Calculate the greatest common divisor of f and x.
14
Let c(g) be the first derivative of g**3/3 - 5*g**2/2 + 6*g - 1. Let y be c(9). Calculate the greatest common divisor of y and 14.
14
Let n be ((-3)/9*176)/(5/(-15)). Calculate the greatest common divisor of 16 and n.
16
Suppose 261*x - 1400 = 226*x. What is the greatest common factor of x and 40?
40
Let f = 87 + -100. Let t be 52/f - 2*137/(-2). Calculate the greatest common divisor of t and 19.
19
Let r = -18 + 44. Suppose 2*x - r = x. Let p = x + -23. What is the greatest common divisor of p and 24?
3
Let c(f) = f**2 - 17*f + 73. Let i be c(11). Calculate the highest common factor of i and 203.
7
Let o = 6 - -13. Let n be (-4)/(-6) + (-229)/(-3). Let b = 153 - n. What is the greatest common divisor of b and o?
19
Let k be -4 + (5 - -7) + (204 - 2). Suppose -7*n + 150 = -2*n. What is the greatest common factor of k and n?
30
Let d be (2 - (1 - 1))*30. Let c be ((-5)/(-15))/(1/d). What is the highest common factor of 160 and c?
20
Let w = -47 - -71. Suppose 4*r - 46 + 22 = 0. What is the highest common factor of r and w?
6
Suppose 0 = -158*l + 217*l - 15104. What is the greatest common divisor of l and 104?
8
Let y be (-35)/(-3 - 2) - -6. Calculate the highest common divisor of 377 and y.
13
Let w = -1894 + 1981. Calculate the highest common divisor of w and 464.
29
Suppose -319*l + 12772 = -288*l. Calculate the highest common divisor of l and 4.
4
Suppose -9 = -4*y + 7. Suppose 0 = 3*z + 2*q - 57, -2*q - 54 = -y*z + 8. Calculate the highest common divisor of z and 119.
17
Let s(r) = r**2 - 7*r - 8. Let a be s(7). Let p = a + 20. Calculate the greatest common divisor of p and 36.
12
Suppose 711 = 23*d - 255. Calculate the highest common divisor of 112 and d.
14
Suppose -39*s - 7616 = -151*s. Calculate the greatest common factor of s and 34.
34
Suppose -3*i + 24 + 189 = 0. Suppose -b = -3*p + 3, b - i = 6*b - p. Let x be ((-5)/b)/(3/18). What is the highest common divisor of 5 and x?
1
Suppose -116 = -2*b - 14*s + 10*s, -4*b + 172 = -4*s. What is the highest common divisor of 16 and b?
16
Let r be (20/(-12))/((-1)/3). Let t = 10 + -6. Let u be t*-4*55/(-22). What is the highest common factor of r and u?
5
Let y = -430 - -487. Let o(f) = -14*f - 4. Let l be o(-3). What is the greatest common divisor of l and y?
19
Let q(j) = -j**2 - 3*j + 10. Let b be q(-5). Let i be (-1 - b)*(-7 - 58). Suppose -u + 17 - 4 = 0. Calculate the highest common divisor of u and i.
13
Let f be (11/22)/((-2)/(-12)). Suppose 4*k = f*k. Suppose 5*s - 9*s + 132 = k. What is the highest common factor of s and 22?
11
Suppose y - 72 = -3*y - 3*k, -2*y + 26 = -k. What is the greatest common divisor of 20 and y?
5
Let j be 0*1/(-2) + (-2 - -4). Let o be (-2)/1*(-1)/1. Suppose 0 = -o*z + 10 + j. What is the greatest common factor of z and 30?
6
Suppose 0 = 4*n - 1512 - 664. Let y be n/51 - (-1)/3. Suppose -f - r = -9 - 49, 2*f + r = 113. What is the greatest common divisor of f and y?
11
Let x be (22/(-8))/((-4)/16). Let w(i) = i**3 - 12*i**2 + 12*i + 1. Let q be w(x). Calculate the highest common factor of 60 and q.
12
Suppose 14*u - 5*u - 360 = 0. Suppose 0*b - 4*p - u = -b, 0 = -p. What is the greatest common factor of b and 8?
8
Let d be 1/8 - 7047/(-72). Let p(u) be the first derivative of 3*u**2 - 4*u + 2. Let l be p(3). What is the greatest common factor of l and d?
14
Let c(j) = -2*j + 0*j + 0*j**3 + 3*j**3 + 2 - 2*j**3 + 5*j**2. Let g be c(-5). Let n = -4 + 16. Calculate the highest common divisor of g and n.
12
Let j(f) = -f**2 - 39*f - 282. Let h be j(-13). What is the greatest common factor of h and 28?
28
Let g(j) = j**2 - 14*j + 69. Let w be g(6). Suppose -2*f - 2*t + 46 = 0, 5*t + 33 - 1 = 2*f. Calculate the greatest common divisor of w and f.
21
Let x = 14 - 12. Let h be (-3)/x*(-650)/39. What is the greatest common factor of h and 125?
25
Let i(w) = -7*w + 3. Let q(v) = 4*v - 2. Let s(r) = 3*i(r) + 7*q(r). Let m be s(3). What is the highest common factor of 8 and m?
8
Suppose 259 = 2*y - s, -4*y + 3*s = -175 - 338. Calculate the greatest common divisor of 24 and y.
12
Suppose 1 = 3*z + 5*w + 6, 5*w = 5*z - 5. Let m be 5/(-5)*(z + 0). Suppose 5 = 5*u, -2*a + 5*u = -m*u - 247. Calculate the highest common divisor of 14 and a.
14
Let g be 2*((-49)/(-2))/7. Suppose 0 = -5*j - i + g, -j + i + 7 = j. Suppose -j*k - 60 = -7*k. What is the greatest common divisor of k and 48?
12
Suppose -27*d + 1560 = -d. Let v = 19 - 4. What is the greatest common divisor of d and v?
15
Let i = 19 - 14. Suppose 2*l = -2*l + 8. Suppose 5*c = 5*m, 4*m = -l*c - 2*c + 40. What is the highest common divisor of i and m?
5
Let o(l) = -10*l. Let n(b) = -b**3 - 2*b**2 + b. Let y be 2/5 - 12/(-20). Let p be n(y). Let c be o(p). Calculate the greatest common divisor of c and 20.
20
Suppose -692 = -25*h + 1583. Calculate the greatest common divisor of h and 325.
13
Let c be 81/15 - (-8)/(-20). Suppose -r + 5*a = -28, 3*a + a = -c*r + 53. What is the highest common factor of 52 and r?
13
Suppose x - 2*x = -4*l + 12, 0 = -2*x + 4*l - 8. Let w be (3 - 4)*9/(36/(-16)). What is the greatest common divisor of w and x?
4
Suppose 159 = 5*j - 2*j - 3*k, 3*j = 2*k + 164. Let n = -32 + j. What is the greatest common divisor of 65 and n?
13
Let t be (3 - 15/10)*94/3. What is the greatest common divisor of 141 and t?
47
Suppose 0 = -5*c + l + 75, 3*l = -5*c + 4*c + 15. Let z = 5 - 2. What is the greatest common factor of z and c?
3
Let h be -6*2*(64/(-12) - -5). Suppose 3*j - 132 = -3*n, -41 = -j - h*n + 3. Suppose -3*s + 8 = -s. What is the greatest common divisor of s and j?
4
Suppose 3*v - 99 = -24. Suppose 135 = 5*k - v. What is the greatest common divisor of 128 and k?
32
Let b = -892 + 1327. Let h 